pose 4*p - 599049 = -5*a, 0 = -2*a - 60*p + 59*p + 239619. Is a composite?
False
Let y = -32749 + 68472. Is y a composite number?
True
Suppose -15*d + 9056 = 12*d - 6685. Is d composite?
True
Suppose 5674165 = 49*r - 2053086. Is r prime?
False
Let i = -2 + 1. Let v be 84 + 15/(-10)*(3 + i). Let l = v - 38. Is l prime?
True
Let z(t) = 3242*t + 115. Is z(2) prime?
True
Let j(t) be the second derivative of -8*t**4/3 + t**3 - 5*t**2/2 - 33*t. Let v be j(-4). Is (-7)/(1/v*1) a prime number?
False
Suppose 3*l - 5112 = 11*l. Let n = l - -3374. Is n a composite number?
True
Suppose 0 = -7*c + 9*c + 11696. Let d be ((-6010)/4)/((-1)/(-2)). Let g = d - c. Is g composite?
False
Let f(o) = -253*o + 81. Is f(-20) composite?
True
Suppose -3*s + 3*p = -3673452, s = -6*p + 5*p + 1224490. Is s a prime number?
False
Let p = -54 - -57. Suppose -4*q + 3 = -13. Suppose -p*h = -3*o - o + 280, 248 = q*o + 5*h. Is o composite?
False
Let w(h) = -34*h - 7. Let m be w(4). Let f = 164 + m. Suppose -f*v + 901 = -20*v. Is v prime?
False
Let i = -67 + 91. Let z = i - -157. Let m = z - -158. Is m composite?
True
Suppose -73*n + 26526595 = 112*n. Is n prime?
True
Let h be 640 - (0 + 3/(-1)). Let z = -249 - -249. Suppose 5*q = 4*m - 1253, 5*m - 3*m + 3*q - h = z. Is m composite?
False
Let t(n) = 1369*n**3 + 2*n - 1. Suppose 7*v = 4*v + 3. Let o be t(v). Suppose -1063 - o = -3*q. Is q prime?
True
Let f = -60 - -56. Let w(q) = -95*q - 1. Let n be w(f). Let b = 678 - n. Is b composite?
True
Let r be -597*(10/3)/2. Suppose 0 = -3*q - 4*w - 6304, -19*q + 15*q = 4*w + 8400. Let p = r - q. Is p a prime number?
False
Suppose 4*s = -2*v + 197622, -3*v - 46850 + 343228 = -5*s. Is v a prime number?
True
Let q(h) = 80*h + 6. Suppose 10*m - 5*r - 16 = 7*m, 0 = 3*m - 3*r - 12. Is q(m) composite?
True
Let q(r) = 126*r**2 + 202*r**2 + 9 + 4 - 50*r**2 - 39*r**2 - 19*r. Is q(7) a prime number?
False
Let a be 3 + 0 - -6*(-5)/30. Let n(d) = -265*d + 16. Let b(g) = 264*g - 17. Let i(c) = a*n(c) + 3*b(c). Is i(13) a prime number?
False
Let i = -8490 + 52841. Is i a composite number?
False
Suppose -5*i + o + 1052 = -3*o, -2*i = 5*o - 401. Suppose t = i + 3641. Suppose 11*f = 8*f + t. Is f prime?
True
Let g = 15 + 48. Let y = g - 81. Is (25/3)/((-6)/y) prime?
False
Suppose 0 = -6*a + 365 - 311. Let d(j) = -4*j + 5. Let c be d(3). Is 1359 - (a + c + -5 + 1) prime?
True
Let g(x) = -x**2 - 5*x + 3. Let r be g(-5). Let v = -85 - -127. Suppose -k + 2*q + 277 = -v, -r*q + 314 = k. Is k a prime number?
True
Let h(y) = 10*y**3 + 14*y**2 + 9*y**3 + 2*y - 11*y - 20*y**3 + 27. Is h(7) composite?
False
Suppose -3*h - 1 = 2*t, 2*t + h - 2 = -h. Suppose -t = -2*r - 20. Is (326/r)/(2/(-8)) a composite number?
False
Let n = 85954 - -5779. Is n a composite number?
False
Suppose -3*z = -2*o + 307739, -217*z + 615489 = 4*o - 212*z. Is o a composite number?
False
Let c(r) = -42*r**3 + 13*r**2 + 25*r - 109. Is c(-21) a composite number?
True
Let o(j) = 10*j - 11. Let z = 87 - 78. Let s be o(z). Let i = 190 - s. Is i composite?
True
Let h be -2*((-85)/10 + 7). Suppose -6*v + 5*w = -v - 60965, -h*w = -12. Is v prime?
True
Let g be 96005/21 + 3 - (-8)/6. Let y = 6635 - g. Is y prime?
False
Let x = -106 + 80. Let t be x*(90/(-36) - 2/(-1)). Suppose t*q - 16*q + 5907 = 0. Is q a prime number?
False
Let k(b) = 873*b + 91. Let z be 667/46 - (-3)/(-6). Is k(z) a prime number?
False
Suppose 36*r - 59 - 13 = 0. Suppose 0 = -2*q - 4*t + 15674, 13*t = r*q + 10*t - 15646. Is q a composite number?
False
Let f = -1491042 + 2171533. Is f a prime number?
False
Is (13 - -49985 - -20) + 1*3 a composite number?
False
Let q(k) = k**2 + 28*k - 89. Let x be q(18). Let m = x - -42. Is m composite?
True
Suppose -515574 = 125*v - 143*v. Is v composite?
False
Let v(i) = 4*i - 28. Let p be v(8). Suppose -j - 2*z = j - 5138, 3*z = -p*j + 10276. Is j a composite number?
True
Suppose -93*v - 12393730 = -44651245. Is v a prime number?
False
Let x(o) be the first derivative of 5/3*o**3 - 9/2*o**2 - 35 + 9*o. Is x(8) a prime number?
True
Let p(k) = -28*k**2 - 17*k + 51. Let o be p(-16). Let x = o - -9954. Is x prime?
True
Suppose 0 = 10*h - 9*h + 6. Let j be 1062/5*(-40)/h. Let u = -1007 + j. Is u composite?
False
Let n(r) = -61*r**3 + 2*r**2 - r. Let a be n(1). Let u = -81 - a. Is (-1666)/u - 1/3 a prime number?
True
Suppose -y + d - 8 = -4*y, 0 = 4*y + d - 12. Suppose -9 = 2*n + x, -3*n + y*x + 3 = -0*x. Is (n + 17/(-2))*-6 a composite number?
True
Let j be (4 + 0)/((-1)/(3 - 4)). Let p be ((-50)/8)/(324/(-80) + j). Is (3 + -1)*(p - -2)*1 prime?
False
Let l(o) = 4*o**2 - 12*o + 40. Let w be l(15). Let t = 1441 - w. Is t a composite number?
True
Let p(j) = j + 1. Let c(b) = 2*b + 27. Let h(n) = c(n) - 6*p(n). Let w be h(7). Let s(g) = -87*g + 22. Is s(w) prime?
True
Let w(a) = -18*a - 19. Let t(c) = -c**2 - 4*c. Let r be t(-2). Suppose 3*l + 40 = y, -r + 24 = -l - y. Is w(l) prime?
True
Suppose -845*x + 4053066 + 103249438 = -13611081. Is x composite?
False
Let n(y) = y**3 + y**2 + 9*y + 11. Let j be n(-8). Let w = j - -2304. Is w composite?
True
Is -33*((-2784781)/1211 - (-4)/(-42)) a composite number?
True
Suppose 7274 = 2*j + 22*q - 18*q, -5*q - 7274 = -2*j. Is j a composite number?
False
Let v = 32806 + -6987. Is v prime?
True
Let d(v) = -v**2 - 28*v - 168. Let l be d(-19). Suppose -j + 5 = 7, -l*s + 4979 = -4*j. Is s prime?
True
Let x = -179804 - -387823. Is x prime?
False
Let r(o) = -22805*o**3 - 6*o - 4. Let m = 381 - 382. Is r(m) a composite number?
False
Suppose -4*p + 2*p = -11*p + 791379. Is p composite?
False
Let q(i) = 23*i + 3. Let z(s) be the second derivative of 11*s**3/3 + 3*s**2/2 + 15*s. Let y(o) = 5*q(o) - 4*z(o). Is y(14) prime?
False
Is 15/75*5/(-3) - 595916/(-6) a prime number?
False
Suppose -3*k - 1038 = -0*k. Suppose 4*i - 3*a - 3551 = -0*i, 0 = -3*i + 4*a + 2665. Let r = i + k. Is r prime?
True
Let o(r) = -2*r + 39. Let g be o(18). Let j(n) = g + 0 - 2 - 2 - 54*n. Is j(-5) composite?
False
Suppose 0 = -25*a + 42991 + 247434. Is a prime?
True
Let w be ((6/(-5))/2)/(50/(-250)). Let t(u) = 20*u**2 + 5*u + 4. Let m be t(7). Suppose w*s = m + 442. Is s a composite number?
False
Let p = -223233 - -530224. Is p a prime number?
True
Suppose -s - 20 = 2*y, -3*y - 16 = 5*s + 49. Is 3/(-6)*(s + 4)*431 a prime number?
False
Let x(v) = -6893*v - 7481. Is x(-18) a composite number?
False
Suppose 1357 - 433 = -11*i. Is (-1448930)/i + 4/(1*-24) prime?
False
Let u(z) = 54*z + 37. Suppose -x + 2*b - 488 = -4*x, 4*x - 2*b = 646. Suppose 0 = 160*f - x*f + 22. Is u(f) a composite number?
False
Suppose -6*l = -8*l + 4. Suppose -3*t + 30 = l*i, 10 = 3*t + 3*i - 20. Is (-5)/t - (-2231)/2 a prime number?
False
Let f(n) = -70*n**3 + 4*n**2 + 3*n + 8. Suppose 4*v + 0*m + 48 = 4*m, 4*v + 5*m = -21. Let h be f(v). Is (-6)/15 - h/(-25) composite?
False
Let l(c) = 20*c**2 - 5*c - 121. Is l(-46) prime?
False
Is 2/12 - 63/(-270) - (-1357472)/20 a composite number?
True
Suppose 3*d - 3*v - 530706 = -1020, -d - 5*v + 176592 = 0. Is d prime?
False
Let a(i) = i**3 + 6*i**2 + 15*i + 24. Let p be a(-4). Is (-3 - (9 + -5)/p) + 3909 composite?
False
Suppose 0 = -3*r + 99837 + 9132. Is r a prime number?
False
Let w(p) be the second derivative of 535*p**3/6 + 93*p**2/2 - 105*p. Is w(22) a composite number?
False
Suppose 0 = -8*a + 33 - 17. Let s be 0/(a/(-2)) - -10. Suppose -16*t + 3174 = -s*t. Is t prime?
False
Let c be 16/(-8) - (-2 + -2). Suppose -3*f - c*m = m + 2190, m + 2911 = -4*f. Let s = f - -1770. Is s a prime number?
False
Let y be (-3 + 14/4 + 0)*-34. Is y/(-102) + (0 - (-94258)/12) prime?
False
Let t = 32 + -35. Let v be (1/((-4)/t))/((-1)/68). Is (3/(-2))/(v/3026) a prime number?
True
Is (1 + 91)*-40895*(-29)/580 a prime number?
False
Suppose -2*k + 5320 = 1364. Is (-18 - -17)/(-1*1) + k a prime number?
True
Suppose -2*a + 14 = 6. Suppose -7*z + 3*z + a*k = -32, -5 = 5*z + 4*k. Suppose -4 = 4*r, 3*h - z*r - 400 = 2*h. Is h a composite number?
False
Suppose 3*a + 3*p - 126954 = 0, 745*a + 126948 = 748*a + 5*p. Is a a prime number?
False
Let f(t) = -1599*t - 8029. Is f(-9) composite?
True
Suppose 998760 = 4*g + d, 4*g - d - 71215 = 927553. Is g a composite number?
True
Suppose 6*j - 3 - 21 = 0. Suppose 5*d = 3*d + 4, -2*d = j*u - 108176. Is u composite?